= 405 - w. Is u composite?
True
Let k(i) = i**2 + i - 4. Let l be k(-3). Is (1/l)/((-4)/(-2344)) composite?
False
Suppose -513 - 483 = -6*i. Is i a composite number?
True
Let d(r) = 47*r**2 - 5*r. Is d(2) composite?
True
Suppose -7*t + 3*t + y + 62 = 0, -2*t + 2*y + 34 = 0. Suppose -2*n - 5*w - t = -213, 3*n - 2*w = 335. Is n a composite number?
False
Let c = 2 + 2. Let a = c + 3. Is a prime?
True
Let n(v) = 2*v**3 + v**2 - 2*v + 1. Let z be n(1). Suppose -z = -4*w - 6. Is ((w - 49)*1)/(-2) prime?
False
Let t be (-5)/(-2)*24/20. Let r(k) = k + 11 + 3*k - t*k. Is r(-5) a prime number?
False
Suppose 3*w + 2*w = 485. Is w composite?
False
Is (-4)/10 - 1953/(-45) a composite number?
False
Let g be 1/(-2*1)*-4. Let r be g/4 - 2/(-4). Let l(d) = 67*d. Is l(r) prime?
True
Suppose 3*q - 3*p = 1197, -3*q = p + 2*p - 1209. Is q prime?
True
Let x(n) = -303*n - 13. Let f(h) = 151*h + 6. Let w(r) = -5*f(r) - 2*x(r). Is w(-3) a prime number?
True
Let p(x) = 0*x + x + 3 - 3 + 1. Let a be p(3). Suppose 5*z - 2*y = y + 39, -5*z + 18 = a*y. Is z a prime number?
False
Let a = 1 + 2. Suppose -h + 43 = 3*s, 0 = 2*h - a*h - s + 45. Is h prime?
False
Let m(q) = -486*q - 1. Is m(-1) a composite number?
True
Let j = -13 - -11. Let q(h) = -37*h + 3. Is q(j) prime?
False
Let l(j) = -5*j**2 - 1. Let d be l(-1). Is 6/9 + (-80)/d composite?
True
Let h = 19 - 4. Is h prime?
False
Let l(d) = -172*d + 3. Let r be l(1). Let y(w) = -20*w - 7. Let t be y(5). Let g = t - r. Is g prime?
False
Let y(n) = n**3 + 17*n**2 - 3*n + 15. Is y(-16) composite?
True
Let f(y) = y**2 - 3*y - 5. Let v(r) = r**3 - 8*r**2 + 6. Let m be v(8). Let p be f(m). Suppose 51 = 2*d + p. Is d prime?
True
Let i(m) = -37*m - 24. Is i(-10) composite?
True
Suppose -9*x + 355 = -4*x. Is x a composite number?
False
Let n = 1 - -3. Suppose n*j + 37 = 5*j. Is j a composite number?
False
Let q(z) = -z**2 - 7*z + 4. Let w be q(-7). Suppose 9 = 4*m - 3*m - 3*a, 3*a = w*m + 9. Is (10/m)/5*-159 composite?
False
Suppose 4*k - 10 - 18 = 0. Suppose -t + 2 = 4, -5*q + 4*t = -98. Let y = q - k. Is y a composite number?
False
Suppose -2*j + 26 = -3*s + s, 4*j + 4*s - 36 = 0. Is j composite?
False
Suppose b - 9 = 3*r, -b = -2*b - 4*r - 26. Let t = 12 + b. Is (-1)/(-6) - (-533)/t prime?
True
Suppose -w + 835 - 210 = -3*u, 5*w - 4*u - 3081 = 0. Is w a prime number?
True
Let a(r) = 2*r**3 + 5*r**2 + r - 9. Is a(5) a composite number?
True
Let o(z) = -z. Let s be o(-5). Suppose -s*n - 19 = -214. Is n prime?
False
Suppose -6*c = -3*c - 168. Let v = -19 + c. Is v composite?
False
Suppose -5*v - 7 = 3. Let f be (-76)/(-2) - (v + 2). Let l = f + -3. Is l prime?
False
Suppose 5*r = u + 1944, 3*r + 1172 = 6*r + 5*u. Is r a composite number?
False
Let n(t) = 245*t - 9. Is n(4) a composite number?
False
Let c(r) = -487*r + 10. Is c(-3) composite?
False
Let s(u) = -32*u + 1. Let w(f) = 2*f**3 + 2*f**2 + 2*f + 1. Let v be w(-2). Is s(v) a prime number?
True
Let h(k) = -k**2 - 3 + 3 + 2*k**3. Let s be h(4). Let p = 57 + s. Is p prime?
False
Let l = -2 + 5. Suppose 5*k - i - 349 = -2*i, -l*k + 191 = -4*i. Suppose -k = -3*a - 0*a. Is a a prime number?
True
Let z(y) = 27*y + 13. Let d(g) = 41*g + 20. Let b(s) = -5*d(s) + 8*z(s). Let u(k) = -k**3 - 6*k**2 - k - 3. Let f be u(-6). Is b(f) prime?
True
Let w(q) = q**2 - 10*q + 2. Is w(-7) a prime number?
False
Let o be 1/5 - 12/(-15). Let b be -1*(-9)/(o - -2). Let y(p) = -p**3 + 2*p**2 + 3*p + 3. Is y(b) a prime number?
True
Let y be 2 - (-1 + -1 + 2). Suppose 4*m - 2*m - 2 = 0. Is (y/m)/((-2)/(-13)) a composite number?
False
Let r = 44 - -1023. Is r prime?
False
Suppose a = 154 - 27. Is a a prime number?
True
Suppose 4*o + 2*m = 26, o + 5*m = 2*o - 34. Let c(g) = 4*g**2 - 6*g - 11. Is c(o) a prime number?
False
Let a(q) = q**3 - 7*q**2 - 3*q - 2. Let n be a(5). Let c = -317 - -183. Let k = n - c. Is k prime?
True
Let t = 2413 + -1386. Is t a composite number?
True
Let i(j) = -j**3 - 2*j**2 + j - 3. Let a be i(-3). Let n(f) = 9*f**3 - 4*f**2 + 4*f - 1. Let x be n(a). Let r = x - 73. Is r a prime number?
False
Let s(m) = 0*m**2 + 4*m**2 + 5*m**2 + 4 + 4*m**3 - 8*m**2. Is s(3) a prime number?
False
Let x be ((0 + -1)*-3)/(-1). Is (73 - 0 - 3) + x a prime number?
True
Suppose -l - 6*l + 15337 = 0. Is l composite?
True
Let z = 7 - 4. Suppose -4*t = 3*j - 5*t - 1444, 2*j + t - 956 = 0. Suppose 3*b = -z*x + j, -3*x + 311 = -x + 5*b. Is x composite?
False
Let h(y) = -3 + 10*y**3 - 5*y + 2*y**2 + 4 + 3*y + 3*y. Suppose u - 2 + 0 = 0. Is h(u) a prime number?
False
Let o be ((-4)/(-10))/((-3)/(-30)). Suppose -v + o*i = v - 184, -2*v + 2*i = -182. Suppose 2*h - 5*u - 91 = -h, 4*u = -2*h + v. Is h prime?
True
Let j(a) = 58*a**2 + 1. Is j(-2) a composite number?
False
Let h(v) = -468*v**3 + v**2 - v + 1. Let g be h(1). Let q be (-1)/((3/g)/(-3)). Is (-2)/(-7) - q/7 a prime number?
True
Let k(r) = -r**3 + 6*r**2 - 3*r + 1. Let h be k(4). Let s(f) = f**3 + 7*f**2 - 2*f - 10. Let m be s(-7). Let y = m + h. Is y composite?
True
Suppose 124 + 3252 = 4*k. Suppose 3*w + 4*n = -w + 688, -5*w + 3*n + k = 0. Suppose -4*b + w = -2*b. Is b prime?
False
Suppose -4*u + 28 = -8. Suppose -4*m + 35 = -u*m. Let j = m - -56. Is j a prime number?
False
Suppose -8 - 4 = -4*h. Suppose 0 = q - h. Suppose q*n = 4*n - 19. Is n a prime number?
True
Let a be (-3 - -5)/(2/(-7)). Let z(h) = 3*h. Let x(k) = 3*k. Let f(c) = -3*x(c) + 2*z(c). Is f(a) composite?
True
Let k(c) = c**3 + 8*c**2 - 11*c + 1. Let w(h) be the third derivative of h**6/120 - h**5/12 - h**4/3 + h**3/2 + 2*h**2. Let r be w(6). Is k(r) prime?
True
Let g be (18 - 4)/((-1)/6). Let x be (-14)/3*g/8. Suppose 0 = 5*z - 26 - x. Is z a prime number?
False
Let c(s) = -2*s - 13*s + 3*s. Let n be c(-3). Let h = n - 5. Is h a prime number?
True
Suppose 3*u + 13 - 1198 = 0. Suppose -u - 223 = -2*q. Is q prime?
False
Let s(x) = 2*x - 10. Let j be s(7). Let v = j + -1. Let m(g) = 3*g**3 - 2*g**2 - 3*g - 1. Is m(v) a prime number?
True
Let f(p) = p**3 + 6*p**2 + 6*p - 2. Let t(i) = -i**3 - 6*i**2 - 6*i + 3. Let a(l) = -6*f(l) - 5*t(l). Let g be a(-5). Is 354/14 - g/7 prime?
False
Let k = -61 - -206. Is k prime?
False
Let k(p) = p**3 - 10*p**2 - 7*p + 11. Is k(11) a composite number?
True
Let o = 7090 - 5059. Is o prime?
False
Suppose c - 4*c + 1173 = 0. Is c composite?
True
Let d(s) = -3*s + 7*s**2 + 4*s + 7 - 4*s**2. Suppose u - 5*r + 4*r + 3 = 0, 5*r = 2*u. Is d(u) a prime number?
False
Let f be (-2)/(-8) + 28/16. Suppose f*y = 6*y - 112. Suppose y = -3*m + 7*m. Is m a prime number?
True
Let d(x) = -41*x - 3. Let u be d(-4). Let q(h) = 19*h**2 + h - 3. Let i be q(-3). Suppose 2*k - i - u = 0. Is k prime?
True
Let g(t) = t**2 + 4*t - 8. Let o be g(-5). Let z = o + 26. Is z composite?
False
Let y(n) = 48*n**2 + 16*n - 11. Is y(7) composite?
True
Suppose 0 = -o + 5*o - 12. Suppose o*a = 5*a - 26. Is a composite?
False
Suppose -9 = g + 2*g, 0 = -5*u + 3*g + 2554. Suppose -4*p = -u - 311. Is p prime?
False
Let p be 50/14 - (-6)/14. Suppose 0 = p*b - 419 - 585. Is b prime?
True
Let g be (-6)/(2*3/(-3)). Suppose -5*l - w + 47 = -190, 0 = -g*w + 6. Is l a prime number?
True
Let q(d) = 3*d + 2 - 2. Let o be q(2). Is 171/6*4/o a composite number?
False
Suppose -4*s = -2*s - 958. Is s prime?
True
Suppose 5*z = 4*z, 2*h + 4*z = -14. Let m(t) = -12*t - 2. Is m(h) a composite number?
True
Let s = -11 - -18. Let h(q) be the third derivative of 5*q**4/12 - q**3/2 - q**2. Is h(s) composite?
False
Let t be 0/(2 + -3)*-1. Suppose 1253 = 4*d + 2*p + p, t = -3*d - p + 946. Is d a prime number?
True
Let w = 592 - 99. Let s = w + -270. Is s prime?
True
Let s(x) = 20*x**3 + x**2 - 5*x - 7. Is s(6) prime?
False
Let n(v) = 8*v**2 + v**2 - 2*v - 3*v**2. Let d be n(-2). Let s = d - 15. Is s a prime number?
True
Suppose 16 = -2*f + 5*i, -4*i + 0*i + 24 = 4*f. Suppose f*x - 28 = -2*x. Is 354/14 - 2/x prime?
False
Suppose 923 + 1526 = c. Is c a composite number?
True
Let k(l) = 87*l**3 + 2*l**2 - 2*l. Is k(1) prime?
False
Let h = 15 - 11. Suppose 0 = -h*o + 5*o. Suppose c - 37 = -o*c. Is c composite?
False
Let f(v) = -v + 7. Let l be f(5). Suppose 0 = -l*p + 1 + 9, 39 = -i + 3*p. Let y = i - -93. Is y prime?
False
Is (-2042)/(-3) + 2/6 + 0 prime?
False
Let b be (-2 + 0 - -2)*1. Suppose 0 = u + 5*v - 5, 4*u +